- 6*n(h). Determine r(-1).
-6
Let h(n) = n**3 - 3*n**2 - n - 5. Suppose -5*d - 2*u = -16, 0*d - 3*u - 26 = -5*d. Determine h(d).
7
Let b = 5 + -1. Suppose -2*j = -j - b. Let r(x) = -x**3 + j - 3*x + 3*x**2 - 2*x**2 + 2*x**2. Give r(3).
-5
Let v(t) = t - 3. Let a(w) = 1. Let c(h) = -5*a(h) - 3*v(h). What is c(-4)?
16
Let m(l) = -2*l**2 + 5*l - 4. Let u(s) = s**2 + 5*s - 3. Let f be u(-6). Suppose -f*w + w = -6. Calculate m(w).
-7
Suppose -4*n + 18 = -6. Let i be 8/6*n/(-4). Let y(q) = -9*q - 4. Let w(t) = -2*t - 1. Let b(d) = -26*w(d) + 6*y(d). Determine b(i).
6
Let s(p) = 5*p**3 - p**2 - 2*p - 1. Suppose j + 5 = -4*m, -j + 6 = 3*m + 3*j. Let h = m + 1. Determine s(h).
-5
Let t = -2 + 4. Let k(g) = -4*g**3 - t*g - 3*g**2 + 0 + 5*g**3 - 6 + 5. Determine k(3).
-7
Let h be ((-15)/12)/(3/12). Let m(d) = d**2 + 7*d - 4. Determine m(h).
-14
Let c be ((-10)/4)/(2/(-8)). Suppose c = 5*t, 0*t = 4*a + 4*t - 32. Let z(j) = -j - 7. Calculate z(a).
-13
Let f(o) be the second derivative of o**6/72 - o**5/60 + o**4/24 - o**3/6 + o. Let g(t) be the second derivative of f(t). Give g(1).
4
Let m(z) = z + 14. Let o be m(-8). Let l(u) = u**3 - 6*u**2 + u + 8. Give l(o).
14
Let q(i) = -i + 1. Let v(h) = -7*h + 4. Let j(c) = -4*q(c) + v(c). Give j(-1).
3
Let v(o) = 8*o - 7. Let b(n) = -n + 1. Let f(z) = 6*b(z) + v(z). Give f(2).
3
Let g be 2/11 - (-53)/11. Let q(l) = -2*l - 1 + 4 + 7*l - l**2. Determine q(g).
3
Let x(n) = n**3 + 2*n**2 + 11*n - 6. Let l(m) = 2*m**3 + 3*m**2 + 23*m - 13. Let a(q) = 4*l(q) - 9*x(q). What is a(-5)?
12
Let m(p) = p**3 - 6 - 2 + 4*p - 6*p**2 + 0*p**3. Determine m(6).
16
Suppose 0 = -5*m + 9*m - 12. Let l(t) = -t - 7*t + 199*t**2 - t**m - 192*t**2 + 8. Determine l(6).
-4
Let q(t) = -t**3 - t**2 + 2*t + 1. Let p be -4 - -2 - (-1 - -3). Let v = 0 - p. Suppose -v*b + 10 = b. Give q(b).
-7
Let a(o) = -2*o**2 + 21*o - 10. Let l be a(10). Let q(z) = z - 3. What is q(l)?
-3
Let v(o) be the first derivative of -9 + o**2 + 2/3*o**3 + 3/4*o**4 + o. Determine v(-1).
-2
Let k(d) be the second derivative of d**4/12 + d**3/2 - 2*d**2 - d. Suppose l + 19 = 2*l + 3*m, -5*l + 3*m + 23 = 0. Let w = -10 + l. Give k(w).
-4
Let r be 0 + 4 - (1 - -1). Let c(n) = n**3 + 4*n**2 + 1 + 5*n + 7*n**r - 5*n**2. Let h be c(-5). Let i(y) = 7*y**3. Determine i(h).
7
Let r be 3 + (-6*1 - -3). Let i(j) = j**3 - j - 2. What is i(r)?
-2
Suppose f = -f - 6. Suppose 6*m - 15 = m. Let j = m + f. Let b(o) = o**2 + o - 3. Give b(j).
-3
Let r(z) = -z**2 + 5*z + 2. Let q(b) = -b - 2. Let o be q(-7). Let i be r(o). Suppose 0 = -2*n - i*n. Let g(v) = v**2 - 5. Give g(n).
-5
Let f(l) = -9*l**2 - 4*l**2 + 5*l**2. Let r = -21 - -20. Give f(r).
-8
Let i(m) = 2*m**3 + 2*m**2 - m + 2. Suppose 5*w = 3*w + 2. Suppose -5*j + w = 11. Give i(j).
-4
Suppose 0*x = -2*x. Suppose -4*j = -r - 8, -r - 2*j = -x*j - 4. Let d(y) = y + 2. What is d(r)?
2
Let c(h) = -h - 2. Let m be c(-2). Let s(w) = w - 1176 + 1176. Calculate s(m).
0
Suppose -k = -4*s + 3, 2*s + 3*s - 10 = 0. Let g(d) = d**2 - 7*d - 1. What is g(k)?
-11
Let n(l) = -l**3 + 4*l**2 - 2*l + 3. Suppose 0 + 15 = 3*p. Suppose 0 = -p*w + 6 - 1. Let j(q) = -q + 1. Let u(k) = w*n(k) - 6*j(k). Determine u(5).
-8
Let q(t) = -t - 1. Let a(n) = -n**3 - 13*n**2 - n - 11. Let f(w) = w**3 + 12*w**2 + w + 10. Let c(r) = 5*a(r) + 6*f(r). Let m be c(-7). Give q(m).
1
Let f(k) = -k**2 + 6*k - 8. Suppose 0 = -5*o + 60 - 30. Give f(o).
-8
Let j(o) = -o**2 + 7*o + 0 - 5 - 1. Let k = 11 + -7. What is j(k)?
6
Let b = -304 - -305. Let f(x) = -17*x**3 + x**2 + 2*x + 3. Let j(l) = 18*l**3 - l**2 - 3*l - 4. Let u(p) = -4*f(p) - 3*j(p). Determine u(b).
14
Let d(o) = -5*o**2 + 6 - 3 - 5 - 3*o. Determine d(-2).
-16
Let g(m) = -2*m**3 + m**2 + 2*m. Let z be (-834)/(-15) - 2/(-5). Let w be 632/z + 2/(-7). Let i = -9 + w. Calculate g(i).
-8
Suppose -2 = -0*i - i. Let n(u) = 3*u**3 + 8*u**2 - 2*u + 2. Let v(o) = -7*o**3 - 17*o**2 + 5*o - 5. Let k(q) = 9*n(q) + 4*v(q). What is k(i)?
10
Suppose -2*y = y + 6, -2*z - 2*y + 16 = 0. Let i(c) = z - 10 - c. What is i(-4)?
4
Suppose 4*f - 7*f = -3, 4*f = 4*y - 20. Let j(r) = -r**3 + 5*r**2 + 6*r - 1. Calculate j(y).
-1
Suppose -5*i - 10 = -4*h, 3*i + 9 = 3*h - 0. Let s be 9/(i/(-4)*-3). Let f(p) = -p**2 + 4*p + 2. Give f(s).
-10
Let w(x) = 381*x - 383*x + 3 - 2. Suppose 0 = -3*a - 18 + 3. Calculate w(a).
11
Let h(g) = -5*g - 8. Let p(c) = -4*c - 7. Suppose -n = -4, 22 = 3*x - 2*n + 3*n. Let r(f) = x*p(f) - 5*h(f). Calculate r(4).
2
Suppose -3*j = 4*r + 7, 2*j - 4*j - 6 = 3*r. Suppose -4*l + 3*l = -c - j, -c - 12 = -4*l. Let t(p) = -p + 1 - 1 + c. Calculate t(-4).
4
Let k = -3 - -5. Let o be (-2 + 6/k)/(-1). Let x(d) be the third derivative of d**4/4 - d**3/6 - 6*d**2. Give x(o).
-7
Let m(w) be the second derivative of -w**6/120 + 7*w**5/60 - w**3 + 5*w**2/2 - 9*w. Let y(d) be the first derivative of m(d). What is y(7)?
-6
Let u(c) = 3 + 0 + 3*c**2 - 6 + c**3. Let k be (-1)/4 - 196/(-16). Let x = 9 - k. What is u(x)?
-3
Let r(u) be the third derivative of -u**4/12 + 2*u**3/3 + 14*u**2. Determine r(6).
-8
Let s(p) = 4*p + 1. Let w(m) = m**2 + 10*m - 1. Let o be w(-10). Determine s(o).
-3
Let t be (4 + 0)*2/(-16)*6. Let w(i) = i**3 + 4*i**2 + 4*i. What is w(t)?
-3
Suppose 0 = 2*w - 5*l - 4, 0 = -0*l + 5*l. Let c(v) = 13*v**2 + 3 - 6*v**2 - w - v. Calculate c(1).
7
Let l(i) = -2*i**2 + 0*i**2 + 3*i**2 - 2*i**2 - 7*i - 6. Calculate l(-6).
0
Let x(m) = -10*m + 50 - 50. What is x(2)?
-20
Let l(x) = -4*x - 2. Let g(d) = -5*d - 2. Let y(c) = -3*g(c) + 4*l(c). Suppose -27*o - 48 = -19*o. Calculate y(o).
4
Suppose 0 = n + 1 + 5. Let f be (3/(-2))/(n/8). Let d(a) = a - 4 + 0*a + 4*a - 5*a**f + a**3. Calculate d(4).
0
Let l be 1/(-2)*1*6. Suppose 2*y + y - 3 = 0. Let g(v) = -v - y + 1. Determine g(l).
3
Let w(d) = d + 1. Let v be w(0). Let y = -36 - -40. Let j(o) = v - 2*o - y*o + 3*o. Give j(2).
-5
Let p = -2 - -7. Let y(c) be the first derivative of c**2/2 - 2*c + 21. Calculate y(p).
3
Let a be ((-4)/6)/((-4)/36). Let x(f) = f**2 - 5*f - 6. What is x(a)?
0
Let x(a) be the third derivative of a**4/24 + a**3/6 + a**2. Let b be (2/(-8))/(4/16). Let m be (-2 - (-4 - -2))/b. What is x(m)?
1
Let i(c) = c**3 - 5*c**2 + 3*c - 3. Let j be i(5). Suppose -j = -0*o + 2*o. Let z(h) = h**2 + 6*h - 5. Give z(o).
-5
Let x(v) = v**2 + 7*v + 4. Let s(b) = -b - 17. Let n be s(-11). Give x(n).
-2
Suppose f - p + 8 = 0, -5*p = -f - 6 - 10. Let w(m) = -m**3 - 7*m**2 - 8*m - 8. Calculate w(f).
4
Let u(j) = j**2 + 7*j + 4. Suppose -3*n = 5 + 4. Let m = n - 4. Determine u(m).
4
Let u(f) = -2*f**2 - 3*f. Suppose -x + 5*x = -8. Calculate u(x).
-2
Let s(w) = -9*w**3 + 2*w**2 - 1. Let x(z) = -z**3 - 6*z**2 + 1. Let a = 4 + -10. Let o = 0 + a. Let l be x(o). Give s(l).
-8
Let b(c) be the first derivative of -c**4/4 - c**3 + 3*c**2/2 - 3*c + 7. Suppose 0*u + 15 = 3*u. Let f = 1 - u. Determine b(f).
1
Suppose 4*l + 3 = 2*z - 1, 5*z - 22 = 4*l. Let j be 1/(2/z*3). Let x(b) be the third derivative of b**4/24 - b**3/3 - b**2. What is x(j)?
-1
Suppose y = -3*y. Let t(q) = 3*q**3 - 3*q**2 - 2*q - 7. Let z(l) = 0*l**3 + 0*l**2 + l**2 - l**3 + l. Let g(n) = t(n) + 2*z(n). Give g(y).
-7
Let v(m) be the second derivative of -m**4/12 - 4*m**3/3 - 3*m**2 - 11*m. Calculate v(-5).
9
Let k(j) = -j**3 + 4*j**2 - j. Suppose -14 = -5*c + 1. Suppose -c*f + 24 = 3*h - 6*h, -3*h = 3*f - 12. Let w be (9/f)/(2/4). What is k(w)?
6
Let w be 11/22 - 22/(-4). Suppose -w*g = -g - 20. Let c(d) = -d**2 + 6*d. Calculate c(g).
8
Let y(u) = 5*u - 1. Let r(k) = 11*k - 1. Let l(c) = -6*r(c) + 13*y(c). Determine l(-6).
-1
Suppose -2*s + 16 = -6. Let a(j) = -6*j**3 - 15*j**2 + 5*j - 5. Let g(t) = -t**3 - 3*t**2 + t - 1. Let o(f) = s*g(f) - 2*a(f). Calculate o(3).
2
Let l(j) be the first derivative of j**3/3 + j**2 - j - 1. Suppose -11*u = -7*u + 16. Calculate l(u).
7
Let q(f) be the first derivative of f**5/60 - 3*f**4/8 + 11*f**3/6 - 5*f**2/2 + 5. Let m(c) be the second derivative of q(c). Determine m(8).
3
Let d(b) = 2 + 10 - 12 + 3*b**2. Give d(-2).
12
Suppose -v - 2*v + 13 = z, 2*z - 2 = 2*v. Let f(b) = -b**2 + 1. Let q(j) = -5*j**3 + 3*j**2 - j - 3. Let a(p) = v*f(p) + q(p). What is a(1)?
-6
Let m(x) = x. Let b be -4*((-7)/(-2) - 3). Let a be (-13)/b - (-3)/(-6). Give m(a).
6
Suppose -3*a - 5*m = 10